{"id":90,"date":"2015-12-07T10:49:14","date_gmt":"2015-12-07T09:49:14","guid":{"rendered":"https:\/\/cafoc-formations.forpro-creteil.org\/?page_id=90"},"modified":"2021-07-15T10:21:04","modified_gmt":"2021-07-15T09:21:04","slug":"mentions-legales","status":"publish","type":"page","link":"https:\/\/cafoc-formations.forpro-creteil.org\/?page_id=90","title":{"rendered":"Mentions l\u00e9gales"},"content":{"rendered":"<p style=\"text-align: justify;\">Ce site est l\u2019enti\u00e8re propri\u00e9t\u00e9 du rectorat de Cr\u00e9teil. Toute reproduction m\u00eame partielle de ce site est strictement interdite.<\/p>\n<p style=\"text-align: center;\"><strong>Directeur de publication<\/strong> : Pascal FOURESTIER &#8211; DAFPIC de Cr\u00e9teil<\/p>\n<p style=\"text-align: center;\">12, rue Georges Enesco<\/p>\n<p style=\"text-align: center;\">94000 Cr\u00e9teil<\/p>\n<p style=\"text-align: justify;\">Conform\u00e9ment \u00e0 l\u2019article 27 de la loi n\u00b078-17 Informatique et Libert\u00e9 du 06\/01\/1978, nous vous garantissons un droit d\u2019acc\u00e8s, de modification, et de suppression des donn\u00e9es qui vous concernent. Pour l\u2019exercer ou dans le cas o\u00f9 vous ne souhaiteriez pas \u00eatre contact\u00e9s, adressez-nous un courriel \u00e0 :<\/p>\n<p style=\"text-align: center;\"><a href=\"mailto:accueil-dafpic@ac-creteil.fr\">accueil-dafpic@ac-creteil.fr<\/a><\/p>\n","protected":false},"excerpt":{"rendered":"<p>Ce site est l\u2019enti\u00e8re propri\u00e9t\u00e9 du rectorat de Cr\u00e9teil. Toute reproduction m\u00eame partielle de ce site est strictement interdite. Directeur de publication : Pascal FOURESTIER &#8211; DAFPIC de Cr\u00e9teil 12,&#8230;<\/p>\n<p> <a class=\"continue-reading-link\" href=\"https:\/\/cafoc-formations.forpro-creteil.org\/?page_id=90\"><span>Voir le descriptif<\/span><i class=\"crycon-right-dir\"><\/i><\/a> <\/p>\n","protected":false},"author":2,"featured_media":0,"parent":0,"menu_order":0,"comment_status":"closed","ping_status":"closed","template":"templates\/template-onecolumn.php","meta":{"footnotes":""},"class_list":["post-90","page","type-page","status-publish","hentry"],"_links":{"self":[{"href":"https:\/\/cafoc-formations.forpro-creteil.org\/index.php?rest_route=\/wp\/v2\/pages\/90","targetHints":{"allow":["GET"]}}],"collection":[{"href":"https:\/\/cafoc-formations.forpro-creteil.org\/index.php?rest_route=\/wp\/v2\/pages"}],"about":[{"href":"https:\/\/cafoc-formations.forpro-creteil.org\/index.php?rest_route=\/wp\/v2\/types\/page"}],"author":[{"embeddable":true,"href":"https:\/\/cafoc-formations.forpro-creteil.org\/index.php?rest_route=\/wp\/v2\/users\/2"}],"replies":[{"embeddable":true,"href":"https:\/\/cafoc-formations.forpro-creteil.org\/index.php?rest_route=%2Fwp%2Fv2%2Fcomments&post=90"}],"version-history":[{"count":10,"href":"https:\/\/cafoc-formations.forpro-creteil.org\/index.php?rest_route=\/wp\/v2\/pages\/90\/revisions"}],"predecessor-version":[{"id":2843,"href":"https:\/\/cafoc-formations.forpro-creteil.org\/index.php?rest_route=\/wp\/v2\/pages\/90\/revisions\/2843"}],"wp:attachment":[{"href":"https:\/\/cafoc-formations.forpro-creteil.org\/index.php?rest_route=%2Fwp%2Fv2%2Fmedia&parent=90"}],"curies":[{"name":"wp","href":"https:\/\/api.w.org\/{rel}","templated":true}]}}